{"id":525,"date":"2022-10-27T18:57:16","date_gmt":"2022-10-27T18:57:16","guid":{"rendered":"https:\/\/www.rast-transfer.de\/?page_id=525"},"modified":"2022-10-27T18:57:16","modified_gmt":"2022-10-27T18:57:16","slug":"datenschutzrichtlinie","status":"publish","type":"page","link":"https:\/\/www.rast-transfer.de\/index.php\/datenschutzrichtlinie\/","title":{"rendered":"Datenschutzrichtlinie"},"content":{"rendered":"<h2><span style=\"font-family: Roboto Condensed;\">Datenschutzerkl\u00e4rung<\/span><\/h2>\n<p><span style=\"font-family: Roboto Condensed;\">Die Nutzung dieser Website kann mit der Verarbeitung von personenbezogenen Daten verbunden sein. Damit diese Verarbeitungen f\u00fcr Sie nachvollziehbar sind, m\u00f6chten wir Ihnen mit den folgenden Informationen einen \u00dcberblick zu diesen Verarbeitungen verschaffen. Um eine faire Verarbeitung zu gew\u00e4hrleisten, m\u00f6chten wir Sie au\u00dferdem \u00fcber Ihre Rechte nach der Europ\u00e4ischen Datenschutz-Grundverordnung (DSGVO) und dem Bundesdatenschutzgesetz (BDSG) informieren.<\/span><\/p>\n<p><span style=\"font-family: Roboto Condensed;\">Wenn Sie Fragen oder Anregungen zu diesen Informationen haben oder sich wegen der Geltendmachung Ihrer Rechte an uns wenden m\u00f6chten, richten Sie Ihre Anfrage bitte an<\/span><\/p>\n<p><span style=\"font-family: Roboto Condensed;\"><strong>RAST Transfer GmbH<\/strong><\/span><br \/>\n<span style=\"font-family: Roboto Condensed;\"><strong>Kaiserring 14-16<\/strong><\/span><br \/>\n<span style=\"font-family: Roboto Condensed;\"><strong>info(at)rast-transfer.de<\/strong><\/span><br \/>\n<span style=\"font-family: Roboto Condensed;\">+49 621 4300 53 50<\/span><\/p>\n<p><span style=\"font-family: Roboto Condensed;\"><strong>Allgemeine Angaben zur Datenverarbeitung<\/strong><\/span><\/p>\n<p><span style=\"font-family: Roboto Condensed;\">Wir verarbeiten personenbezogene Daten unter Beachtung der einschl\u00e4gigen Datenschutzvorschriften, insbesondere der DSGVO und des BDSG. Eine Datenverarbeitung durch uns findet nur auf der Grundlage einer gesetzlichen Erlaubnis statt. Bei der Nutzung dieser Website verarbeiten wir personenbezogene Daten nur mit Ihrer Einwilligung (Art. 6 Abs. 1 Buchst. a) DSGVO), zur Erf\u00fcllung eines Vertrags, dessen Vertragspartei Sie sind, oder auf Ihre Anfrage zur Durchf\u00fchrung vorvertraglicher Ma\u00dfnahmen (Art. 6 Abs. 1 Buchst. b) DSGVO), zur Erf\u00fcllung einer rechtlichen Verpflichtung (Art. 6 Abs. 1 Buchst. c) DSGVO) oder wenn die Verarbeitung zu Wahrung unser berechtigten Interessen oder den berechtigten Interessen eines Dritten erforderlich ist, sofern nicht Ihre Interessen oder Grundrechte und Grundfreiheiten, die den Schutz personenbezogener Daten erfordern, \u00fcberwiegen (Art. 6 Abs. 1 Buchst. f) DSGVO).<\/span><\/p>\n<p><span style=\"font-family: Roboto Condensed;\"><strong>Dauer der Speicherung<\/strong><\/span><\/p>\n<p><span style=\"font-family: Roboto Condensed;\">Sofern sich aus den folgenden Hinweisen nichts anderes ergibt, speichern wir die Daten nur solange, wie es zur Erreichung des Verarbeitungszwecks oder f\u00fcr die Erf\u00fcllung unserer vertraglichen oder gesetzlichen Pflichten erforderlich ist. Solche gesetzlichen Aufbewahrungspflichten k\u00f6nnen sich insbesondere aus handels- oder steuerrechtlichen Vorschriften ergeben.<\/span><\/p>\n<p><span style=\"font-family: Roboto Condensed;\"><strong>Verarbeitung von Server-Log-Files<\/strong><\/span><\/p>\n<p><span style=\"font-family: Roboto Condensed;\">Bei der rein informativen Nutzung unserer Website werden zun\u00e4chst automatisiert (also nicht \u00fcber eine Registrierung) allgemeine Informationen gespeichert, die Ihr Browser an unseren Server \u00fcbermittelt. Hierzu z\u00e4hlen standardm\u00e4\u00dfig: Browsertyp\/ -version, verwendetes Betriebssystem, aufgerufene Seite, die zuvor besuchte Seite (Referrer URL), IP-Adresse, Datum und Uhrzeit der Serveranfrage und HTTP-Statuscode. Die Verarbeitung erfolgt zur Wahrung unserer berechtigten Interessen und beruht auf der Rechtsgrundlage des Art. 6 Abs. 1 Buchst. f) DSGVO. Diese Verarbeitung dient der technischen Verwaltung und der Sicherheit der Website. Die gespeicherten Daten werden gel\u00f6scht, wenn nicht aufgrund konkreter Anhaltspunkte ein berechtigter Verdacht auf eine rechtswidrige Nutzung besteht und eine weitere Pr\u00fcfung und Verarbeitung der Informationen aus diesem Grund erforderlich ist.<\/span><\/p>\n<p><span style=\"font-family: Roboto Condensed;\"><strong>Cookies<\/strong><\/span><br \/>\n<span style=\"font-family: Roboto Condensed;\">Wir verwenden auf unserer Website Cookies. Bei Cookies handelt es sich um kleine Textdateien, die durch Ihren Browser gespeichert werden, wenn Sie eine Website besuchen. Hierdurch wird der verwendete Browser gekennzeichnet und kann durch unseren Webserver wiedererkannt werden. Dabei verwenden wir insbesondere dauerhafte Cookies (\u201ePersistent Cookies\u201c) f\u00fcr die Analyse unserer Website. Diese Cookies werden automatisiert nach einer vorgegebenen Dauer gel\u00f6scht, die sich je nach Cookie unterscheiden kann. Sofern es durch diese Verwendung von Cookies zu einer Verarbeitung personenbezogener Daten kommt, beruht diese auf der Rechtsgrundlage des Art. 6 Abs. 1 Buchst. f) DSGVO. Diese Verarbeitung dient unserem berechtigten Interesse, unsere Website nutzerfreundlicher, effektiver sowie sicherer zu machen. Sie k\u00f6nnen die Cookies in den Sicherheitseinstellungen Ihres Browsers jederzeit l\u00f6schen. Sie k\u00f6nnen der Verwendung von Cookies durch Ihre Browsereinstellungen grunds\u00e4tzlich widersprechen.<\/span><\/p>\n<p><span style=\"font-family: Roboto Condensed;\"><strong>Ihre Rechte<\/strong><\/span><\/p>\n<p><span style=\"font-family: Roboto Condensed;\">Als betroffene Person haben Sie das Recht, uns gegen\u00fcber Ihre Betroffenenrechte geltend zu machen. Dabei haben Sie insbesondere die folgenden Rechte:<\/span><\/p>\n<ul>\n<li><span style=\"font-family: Roboto Condensed;\">Sie haben nach Ma\u00dfgabe des Art.15 DSGVO und \u00a7 34 BDSG das Recht, Auskunft dar\u00fcber zu verlangen, ob und gegebenenfalls in welchen Umfang wir personenbezogene Daten zu Ihrer Person verarbeiten oder nicht.<\/span><\/li>\n<li><span style=\"font-family: Roboto Condensed;\">Sie haben das Recht, nach Ma\u00dfgabe des Art. 16 DSGVO von uns die Berichtigung Ihrer Daten zu verlangen.<\/span><\/li>\n<li><span style=\"font-family: Roboto Condensed;\">Sie haben das Recht, nach Ma\u00dfgabe des Art. 17 DSGVO und \u00a7 35 BDSG von uns die L\u00f6schung Ihrer personenbezogenen Daten zu verlangen.<\/span><\/li>\n<li><span style=\"font-family: Roboto Condensed;\">Sie haben das Recht, nach Ma\u00dfgabe des Art. 18 DSGVO die Verarbeitung Ihrer personenbezogenen Daten einschr\u00e4nken zu lassen.<\/span><\/li>\n<li><span style=\"font-family: Roboto Condensed;\">Sie haben das Recht, nach Ma\u00dfgabe des Art. 20 DSGVO die Sie betreffenden personenbezogenen Daten, die Sie uns bereitgestellt haben, in einem strukturierten, g\u00e4ngigen und maschinenlesbaren Format zu erhalten, und diese Daten einem anderen Verantwortlichen zu \u00fcbermitteln.<\/span><\/li>\n<li><span style=\"font-family: Roboto Condensed;\">Sie haben nach Ma\u00dfgabe des Art. 21 Abs. 1 DSGVO das Recht, gegen jede Verarbeitung, die auf der Rechtsgrundlage des Art. 6 Abs. 1 Buchst. e) oder f) DSGVO beruht, Widerspruch einzulegen. Sofern durch uns personenbezogene Daten \u00fcber Sie zum Zweck der Direktwerbung verarbeitet werden, k\u00f6nnen Sie gegen diese Verarbeitung gem. Art. 21 Abs. 2 und Abs. 3 DSGVO Widerspruch einlegen.<\/span><\/li>\n<\/ul>\n<p><span style=\"font-family: Roboto Condensed;\">Sofern Sie uns eine gesonderte Einwilligung in die Datenverarbeitung erteilt haben, k\u00f6nnen Sie diese Einwilligung nach Ma\u00dfgabe des Art. 7 Abs. 3 DSGVO jederzeit widerrufen. Durch einen solchen Widerruf wird die Rechtm\u00e4\u00dfigkeit der Verarbeitung, die bis zum Widerruf aufgrund der Einwilligung erfolgt ist, nicht ber\u00fchrt.<\/span><\/p>\n<p><span style=\"font-family: Roboto Condensed;\"><strong>Beschwerde bei einer Aufsichtsbeh\u00f6rde<\/strong><\/span><\/p>\n<p><span style=\"font-family: Roboto Condensed;\">Wenn Sie der Ansicht sind, dass eine Verarbeitung der Sie betreffenden personenbezogenen Daten gegen die Bestimmungen der DSGVO verst\u00f6\u00dft, haben Sie nach Ma\u00dfgabe des Art. 77 DSGVO das Recht auf Beschwerde bei einer Aufsichtsbeh\u00f6rde.<\/span><\/p>\n","protected":false},"excerpt":{"rendered":"<p>Datenschutzerkl\u00e4rung Die Nutzung dieser Website kann mit der Verarbeitung von personenbezogenen Daten verbunden sein. Damit diese Verarbeitungen f\u00fcr Sie nachvollziehbar sind, m\u00f6chten wir Ihnen mit den folgenden Informationen einen \u00dcberblick zu diesen Verarbeitungen verschaffen. Um eine faire Verarbeitung zu gew\u00e4hrleisten, m\u00f6chten wir Sie au\u00dferdem \u00fcber Ihre Rechte nach der Europ\u00e4ischen Datenschutz-Grundverordnung (DSGVO) und dem Bundesdatenschutzgesetz [&hellip;]<\/p>\n","protected":false},"author":1,"featured_media":0,"parent":0,"menu_order":0,"comment_status":"closed","ping_status":"closed","template":"","meta":{"footnotes":""},"class_list":["post-525","page","type-page","status-publish","hentry"],"_links":{"self":[{"href":"https:\/\/www.rast-transfer.de\/index.php\/wp-json\/wp\/v2\/pages\/525","targetHints":{"allow":["GET"]}}],"collection":[{"href":"https:\/\/www.rast-transfer.de\/index.php\/wp-json\/wp\/v2\/pages"}],"about":[{"href":"https:\/\/www.rast-transfer.de\/index.php\/wp-json\/wp\/v2\/types\/page"}],"author":[{"embeddable":true,"href":"https:\/\/www.rast-transfer.de\/index.php\/wp-json\/wp\/v2\/users\/1"}],"replies":[{"embeddable":true,"href":"https:\/\/www.rast-transfer.de\/index.php\/wp-json\/wp\/v2\/comments?post=525"}],"version-history":[{"count":1,"href":"https:\/\/www.rast-transfer.de\/index.php\/wp-json\/wp\/v2\/pages\/525\/revisions"}],"predecessor-version":[{"id":526,"href":"https:\/\/www.rast-transfer.de\/index.php\/wp-json\/wp\/v2\/pages\/525\/revisions\/526"}],"wp:attachment":[{"href":"https:\/\/www.rast-transfer.de\/index.php\/wp-json\/wp\/v2\/media?parent=525"}],"curies":[{"name":"wp","href":"https:\/\/api.w.org\/{rel}","templated":true}]}}